d by 21?
18
Calculate the remainder when 8471 is divided by 245.
141
What is the remainder when 331403 is divided by 663?
566
Calculate the remainder when 21572818 is divided by 7190936.
10
What is the remainder when 254463 is divided by 1988?
1987
Calculate the remainder when 996863 is divided by 6431.
58
Calculate the remainder when 3400334 is divided by 461.
459
Calculate the remainder when 15819472 is divided by 56904.
160
Calculate the remainder when 1818210 is divided by 333.
30
What is the remainder when 1564920 is divided by 26?
6
Calculate the remainder when 181591553 is divided by 15132629.
5
What is the remainder when 4582218 is divided by 327301?
4
Calculate the remainder when 23336593 is divided by 4749.
7
What is the remainder when 14025 is divided by 72?
57
What is the remainder when 138253 is divided by 2720?
2253
Calculate the remainder when 5733923 is divided by 5627.
10
What is the remainder when 1212266 is divided by 1148?
1126
Calculate the remainder when 250153 is divided by 1462.
151
What is the remainder when 82665 is divided by 11741?
478
What is the remainder when 219787 is divided by 100?
87
What is the remainder when 3694216 is divided by 11195?
11061
What is the remainder when 23868 is divided by 992?
60
Calculate the remainder when 50395261 is divided by 314970.
61
Calculate the remainder when 520942 is divided by 258272.
4398
Calculate the remainder when 184576130 is divided by 645371.
24
Calculate the remainder when 3234325 is divided by 172.
37
Calculate the remainder when 17222193 is divided by 777.
765
Calculate the remainder when 4000559 is divided by 238.
17
Calculate the remainder when 1949465 is divided by 1196.
1181
What is the remainder when 1815624 is divided by 37820?
264
Calculate the remainder when 61714803 is divided by 30857399.
5
Calculate the remainder when 1212066 is divided by 1809.
36
What is the remainder when 2439144 is divided by 44346?
114
What is the remainder when 3641448 is divided by 910355?
28
Calculate the remainder when 42370254 is divided by 83.
82
Calculate the remainder when 43597 is divided by 13637.
2686
What is the remainder when 2921884 is divided by 2493?
88
What is the remainder when 37524 is divided by 770?
564
What is the remainder when 26830175 is divided by 1490564?
23
Calculate the remainder when 156202 is divided by 1176.
970
What is the remainder when 29675432 is divided by 786?
2
What is the remainder when 2070099 is divided by 652?
651
Calculate the remainder when 4040662 is divided by 247.
236
What is the remainder when 11173305 is divided by 1186?
1185
What is the remainder when 292596 is divided by 131?
73
What is the remainder when 986804 is divided by 265?
209
What is the remainder when 1249816 is divided by 3905?
216
Calculate the remainder when 1320577521 is divided by 253.
252
What is the remainder when 196273 is divided by 46896?
8689
Calculate the remainder when 2093672 is divided by 729.
713
Calculate the remainder when 113931 is divided by 4535.
556
What is the remainder when 207954 is divided by 2484?
1782
What is the remainder when 95018 is divided by 47298?
422
What is the remainder when 1761636 is divided by 28878?
78
What is the remainder when 1763614 is divided by 18?
10
What is the remainder when 2395311 is divided by 324?
303
Calculate the remainder when 105279125 is divided by 10.
5
What is the remainder when 3449593 is divided by 346?
319
Calculate the remainder when 14039589 is divided by 306.
3
Calculate the remainder when 78260 is divided by 1748.
1348
What is the remainder when 9522277 is divided by 297571?
5
What is the remainder when 243380 is divided by 80968?
476
What is the remainder when 24846 is divided by 8173?
327
What is the remainder when 903536 is divided by 12046?
86
What is the remainder when 8962844 is divided by 305?
114
What is the remainder when 44192452 is divided by 30?
22
Calculate the remainder when 121753 is divided by 6770.
6663
Calculate the remainder when 4122 is divided by 620.
402
What is the remainder when 275545 is divided by 1650?
1645
Calculate the remainder when 2642985 is divided by 440488.
57
Calculate the remainder when 272979 is divided by 90345.
1944
What is the remainder when 23181565 is divided by 478?
477
What is the remainder when 51580 is divided by 48720?
2860
What is the remainder when 258640 is divided by 4241?
4180
What is the remainder when 1676231 is divided by 198?
161
Calculate the remainder when 375105 is divided by 46755.
1065
What is the remainder when 326162 is divided by 3654?
956
What is the remainder when 677458 is divided by 3492?
10
What is the remainder when 183739469 is divided by 1422?
5
Calculate the remainder when 5651791 is divided by 119.
5
Calculate the remainder when 166147 is divided by 823.
724
What is the remainder when 6760334 is divided by 121?
64
Calculate the remainder when 2296949 is divided by 716.
21
What is the remainder when 5680 is divided by 83?
36
Calculate the remainder when 915291 is divided by 1017.
1008
Calculate the remainder when 2462415 is divided by 156.
111
Calculate the remainder when 4932350 is divided by 274019.
8
Calculate the remainder when 30280166 is divided by 2.
0
Calculate the remainder when 59611 is divided by 28966.
1679
What is the remainder when 448899 is divided by 4430?
1469
Calculate the remainder when 22238516 is divided by 229263.
5
What is the remainder when 4077070 is divided by 1231?
1229
Calculate the remainder when 22164140 is divided by 671638.
86
Calculate the remainder when 1832360 is divided by 431.
179
What is the remainder when 34195754 is divided by 3181?
4
Calculate the remainder when 43881639 is divided by 281.
117
What is the remainder when 2924058 is divided by 1248?
1242
Calculate the remainder when 4026690 is divided by 327.
12
Calculate the remainder when 248867646 is divided by 751866.
0
What is the remainder when 81704957 is divided by 5310?
5297
What is the remainder when 968656 is divided by 64551?
391
Calculate the remainder when 400909 is divided by 518.
495
Calculate the remainder when 5735115 is divided by 324.
315
Calculate the remainder when 164568 is divided by 164376.
192
Calculate the remainder when 963966 is divided by 13205.
1
Calculate the remainder when 1359043 is divided by 27.
25
Calculate the remainder when 20308 is divided by 4764.
1252
What is the remainder when 6050840 is divided by 8323?
19
Calculate the remainder when 6809 is divided by 2827.
1155
What is the remainder when 25430570 is divided by 7676?
7658
Calculate the remainder when 31398952 is divided by 69.
19
Calculate the remainder when 28024577 is divided by 127.
122
Calculate the remainder when 501865680 is divided by 5951.
5948
Calculate the remainder when 8725888 is divided by 478.
476
Calculate the remainder when 225735013 is divided by 25.
13
Calculate the remainder when 125473207 is divided by 5151.
5149
What is the remainder when 274539 is divided by 270?
219
What is the remainder when 9357753 is divided by 327?
321
What is the remainder when 1663107 is divided by 110869?
72
Calculate the remainder when 7710255 is divided by 31.
28
What is the remainder when 16130348 is divided by 128?
44
Calculate the remainder when 129589207 is divided by 293.
288
Calculate the remainder when 7400210 is divided by 13.
12
Calculate the remainder when 299357801 is divided by 1359.
1358
Calculate the remainder when 39561316 is divided by 344.
284
Calculate the remainder when 405013 is divided by 773.
734
What is the remainder when 1010508 is divided by 34?
28
Calculate the remainder when 456753757 is divided by 16.
13
What is the remainder when 455610 is divided by 9777?
5868
What is the remainder when 80210402 is divided by 1759?
2
Calculate the remainder when 32199664 is divided by 3547.
3545
Calculate the remainder when 15235236 is divided by 51.
6
Calculate the remainder when 11265546 is divided by 240.
186
Calculate the remainder when 2507759 is divided by 2507707.
52
What is the remainder when 1723877 is divided by 8328?
8309
Calculate the remainder when 483864016 is divided by 1301.
1300
What is the remainder when 8488277 is divided by 72?
53
Calculate the remainder when 334231 is divided by 10.
1
What is the remainder when 15